{"id":2587,"date":"2025-11-19T17:00:59","date_gmt":"2025-11-19T17:00:59","guid":{"rendered":"https:\/\/turkamerikankolejleri.com\/?page_id=2587"},"modified":"2025-12-15T16:03:00","modified_gmt":"2025-12-15T16:03:00","slug":"ana-sinifi","status":"publish","type":"page","link":"https:\/\/turkamerikankolejleri.com\/index.php\/ana-sinifi\/","title":{"rendered":"Ana S\u0131n\u0131f\u0131"},"content":{"rendered":"\t\t<div data-elementor-type=\"wp-page\" data-elementor-id=\"2587\" class=\"elementor elementor-2587\" data-elementor-post-type=\"page\">\n\t\t\t\t<div class=\"elementor-element elementor-element-cbd6a5d e-con-full e-flex wpr-particle-no wpr-jarallax-no wpr-parallax-no wpr-sticky-section-no e-con e-parent\" data-id=\"cbd6a5d\" data-element_type=\"container\" data-settings=\"{&quot;background_background&quot;:&quot;classic&quot;}\">\n\t\t<div class=\"elementor-element elementor-element-fa6fa7d e-flex e-con-boxed wpr-particle-no wpr-jarallax-no wpr-parallax-no wpr-sticky-section-no e-con e-child\" data-id=\"fa6fa7d\" data-element_type=\"container\" data-settings=\"{&quot;background_background&quot;:&quot;classic&quot;}\">\n\t\t\t\t\t<div class=\"e-con-inner\">\n\t\t<div class=\"elementor-element elementor-element-44696a6 e-con-full e-flex wpr-particle-no wpr-jarallax-no wpr-parallax-no wpr-sticky-section-no e-con e-child\" data-id=\"44696a6\" data-element_type=\"container\">\n\t\t\t\t<\/div>\n\t\t<div class=\"elementor-element elementor-element-703a2ee e-con-full e-flex wpr-particle-no wpr-jarallax-no wpr-parallax-no wpr-sticky-section-no e-con e-child\" data-id=\"703a2ee\" data-element_type=\"container\">\n\t\t\t\t<div class=\"elementor-element elementor-element-ac2d79d elementor-widget elementor-widget-shortcode\" data-id=\"ac2d79d\" data-element_type=\"widget\" data-widget_type=\"shortcode.default\">\n\t\t\t\t\t\t\t<div class=\"elementor-shortcode\"><nav aria-label=\"breadcrumbs\" class=\"rank-math-breadcrumb\"><p><span class=\"last\">Ana Sayfa<\/span><\/p><\/nav><\/div>\n\t\t\t\t\t\t<\/div>\n\t\t\t\t<\/div>\n\t\t\t\t\t<\/div>\n\t\t\t\t<\/div>\n\t\t\t\t<\/div>\n\t\t\t\t<section class=\"elementor-section elementor-top-section elementor-element elementor-element-15aa0b9 elementor-section-boxed elementor-section-height-default elementor-section-height-default wpr-particle-no wpr-jarallax-no wpr-parallax-no wpr-sticky-section-no\" data-id=\"15aa0b9\" data-element_type=\"section\">\n\t\t\t\t\t\t<div class=\"elementor-container elementor-column-gap-extended\">\n\t\t\t\t\t<div class=\"elementor-column elementor-col-50 elementor-top-column elementor-element elementor-element-32dce70 elementor-hidden-tablet elementor-hidden-mobile ot-flex-column-vertical\" data-id=\"32dce70\" data-element_type=\"column\">\n\t\t\t<div class=\"elementor-widget-wrap elementor-element-populated\">\n\t\t\t\t<div class=\"elementor-element elementor-element-b95b69c e-flex e-con-boxed wpr-particle-no wpr-jarallax-no wpr-parallax-no wpr-sticky-section-no e-con e-parent\" data-id=\"b95b69c\" data-element_type=\"container\">\n\t\t\t\t\t<div class=\"e-con-inner\">\n\t\t\t\t<div class=\"elementor-element elementor-element-298271e elementor-widget elementor-widget-image\" data-id=\"298271e\" data-element_type=\"widget\" data-widget_type=\"image.default\">\n\t\t\t\t\t\t\t\t\t\t\t\t\t\t\t<img fetchpriority=\"high\" decoding=\"async\" width=\"1024\" height=\"703\" src=\"https:\/\/turkamerikankolejleri.com\/wp-content\/uploads\/2025\/11\/photo-little-kid-playing-with-block-early-development-concept-1024x703.jpg\" class=\"attachment-large size-large wp-image-2590\" alt=\"\" srcset=\"https:\/\/turkamerikankolejleri.com\/wp-content\/uploads\/2025\/11\/photo-little-kid-playing-with-block-early-development-concept-1024x703.jpg 1024w, https:\/\/turkamerikankolejleri.com\/wp-content\/uploads\/2025\/11\/photo-little-kid-playing-with-block-early-development-concept-300x206.jpg 300w, https:\/\/turkamerikankolejleri.com\/wp-content\/uploads\/2025\/11\/photo-little-kid-playing-with-block-early-development-concept-768x527.jpg 768w, https:\/\/turkamerikankolejleri.com\/wp-content\/uploads\/2025\/11\/photo-little-kid-playing-with-block-early-development-concept-1536x1055.jpg 1536w, https:\/\/turkamerikankolejleri.com\/wp-content\/uploads\/2025\/11\/photo-little-kid-playing-with-block-early-development-concept-2048x1406.jpg 2048w\" sizes=\"(max-width: 1024px) 100vw, 1024px\" \/>\t\t\t\t\t\t\t\t\t\t\t\t\t\t\t<\/div>\n\t\t\t\t\t<\/div>\n\t\t\t\t<\/div>\n\t\t\t\t\t<\/div>\n\t\t<\/div>\n\t\t\t\t<div class=\"elementor-column elementor-col-50 elementor-top-column elementor-element elementor-element-69d7b07 ot-flex-column-vertical\" data-id=\"69d7b07\" data-element_type=\"column\">\n\t\t\t<div class=\"elementor-widget-wrap elementor-element-populated\">\n\t\t\t\t\t\t<div class=\"elementor-element elementor-element-1252201 elementor-widget__width-initial elementor-widget elementor-widget-text-editor\" data-id=\"1252201\" data-element_type=\"widget\" data-widget_type=\"text-editor.default\">\n\t\t\t\t\t\t\t\t\t<p>E\u011fitimin ilk basama\u011f\u0131n\u0131 olu\u015fturan okul \u00f6ncesi e\u011fitim, g\u00f6mle\u011fin ilk d\u00fc\u011fmesidir ve bunun do\u011fru iliklenmesi gerekir. \u00c7ocu\u011fun do\u011fdu\u011fu g\u00fcnden temel e\u011fitime ba\u015flad\u0131\u011f\u0131 g\u00fcne kadar ge\u00e7en y\u0131llar\u0131 kapsayan ve \u00e7ocuklar\u0131n daha sonraki ya\u015famlar\u0131nda \u00f6nemli rol oynayan; bedensel, psikomotor, sosyal-duygusal, zihin ve dil geli\u015fimlerinin b\u00fcy\u00fck \u00f6l\u00e7\u00fcde tamamland\u0131\u011f\u0131, ki\u015fili\u011fin \u015fekillendi\u011fi ve \u00e7ocu\u011fun devaml\u0131 olarak de\u011fi\u015fti\u011fi bir s\u00fcre\u00e7tir. Bu nedenle, \u00e7ocu\u011fun k\u00fc\u00e7\u00fck ya\u015flarda sa\u011fl\u0131kl\u0131 bir ortamda geli\u015fimini s\u00fcrd\u00fcrmesi \u00f6nem kazanmaktad\u0131r.<\/p><p>T\u00fcrk Amerikan Kolejlerinde e\u011fitim; \u00f6\u011frenci-\u00f6\u011fretmen-veli \u00fc\u00e7geninden olu\u015fan kaliteli bir birlikteliktir. Bu birliktelik ne kadar bilin\u00e7li ve sa\u011fl\u0131kl\u0131 olursa, \u00e7ocuklar\u0131m\u0131z da o oranda sa\u011flam bir ki\u015filik kazan\u0131rlar. Bu s\u00fcre\u00e7te \u00e7ocuklar\u0131m\u0131z\u0131n mizac\u0131, soysal ve sportif e\u011filimleri ve yatk\u0131nl\u0131klar\u0131 yak\u0131ndan takip edilir. Yine bu d\u00f6nemin en elzem unsuru ise dil geli\u015fiminin zirvede olmas\u0131d\u0131r. Olmazsa olmaz\u0131m\u0131z \u00c7\u0130FT D\u0130LL\u0130 E\u011e\u0130T\u0130M ile dil geli\u015fimi ona \u00f6zel dil ko\u00e7umuzla mercek alt\u0131nda tutulur. Akademik olarak temel e\u011fitim s\u00fcrecine ge\u00e7i\u015f basamaklar\u0131 itina ile takip edilir. Mutlu nesil umutlu gelecek\u2026<\/p>\t\t\t\t\t\t\t\t<\/div>\n\t\t\t\t<div class=\"elementor-element elementor-element-ab4ead1 elementor-widget elementor-widget-heading\" data-id=\"ab4ead1\" data-element_type=\"widget\" data-widget_type=\"heading.default\">\n\t\t\t\t\t<h2 class=\"elementor-heading-title elementor-size-default\">Gelece\u011fi Ke\u015ffet!<\/h2>\t\t\t\t<\/div>\n\t\t\t\t<div class=\"elementor-element elementor-element-438afa4 elementor-widget elementor-widget-text-editor\" data-id=\"438afa4\" data-element_type=\"widget\" data-widget_type=\"text-editor.default\">\n\t\t\t\t\t\t\t\t\t<p>T\u00fcrk Amerikan Kolejleri olarak, \u00e7ocuklar\u0131n\u0131z\u0131n gelece\u011fi ke\u015ffetmelerine yard\u0131mc\u0131 oluyoruz. \u0130\u00e7lerindeki merak\u0131 ve \u00f6\u011frenme iste\u011fini destekleyerek, onlar\u0131 yar\u0131n\u0131n liderleri olarak yeti\u015ftiriyoruz. Gelece\u011fi ke\u015ffetmek i\u00e7in yanlar\u0131nday\u0131z!<\/p>\t\t\t\t\t\t\t\t<\/div>\n\t\t\t\t<div class=\"elementor-element elementor-element-ef8feba elementor-widget elementor-widget-heading\" data-id=\"ef8feba\" data-element_type=\"widget\" data-widget_type=\"heading.default\">\n\t\t\t\t\t<h2 class=\"elementor-heading-title elementor-size-default\">\u00d6\u011frenmek E\u011flenceli Olabilir!<\/h2>\t\t\t\t<\/div>\n\t\t\t\t<div class=\"elementor-element elementor-element-31b9779 elementor-widget elementor-widget-text-editor\" data-id=\"31b9779\" data-element_type=\"widget\" data-widget_type=\"text-editor.default\">\n\t\t\t\t\t\t\t\t\t<p>Biz, \u00f6\u011frenmeyi s\u0131k\u0131c\u0131 bir g\u00f6rev de\u011fil, e\u011flenceli bir macera olarak g\u00f6r\u00fcyoruz. T\u00fcrk Amerikan Kolejleri\u2019nde \u00e7ocuklar\u0131n\u0131z, renkli s\u0131n\u0131flarda, yarat\u0131c\u0131 projelerde ve arkada\u015flar\u0131yla birlikte \u00f6\u011frenme deneyimini ke\u015ffederek b\u00fcy\u00fcyecekler.<\/p>\t\t\t\t\t\t\t\t<\/div>\n\t\t\t\t<div class=\"elementor-element elementor-element-c4c40f4 elementor-widget elementor-widget-heading\" data-id=\"c4c40f4\" data-element_type=\"widget\" data-widget_type=\"heading.default\">\n\t\t\t\t\t<h2 class=\"elementor-heading-title elementor-size-default\">Her \u00c7ocuk \u00d6zeldir!<\/h2>\t\t\t\t<\/div>\n\t\t\t\t<div class=\"elementor-element elementor-element-c1de52c elementor-widget elementor-widget-text-editor\" data-id=\"c1de52c\" data-element_type=\"widget\" data-widget_type=\"text-editor.default\">\n\t\t\t\t\t\t\t\t\t<p>Her \u00e7ocuk benzersizdir ve potansiyeli s\u0131n\u0131rs\u0131zd\u0131r. T\u00fcrk Amerikan Kolejleri olarak, her \u00e7ocu\u011fun kendine \u00f6zg\u00fc yeteneklerini ve ilgi alanlar\u0131n\u0131 destekliyoruz. Onlar\u0131n en iyi s\u00fcr\u00fcmlerini bulmalar\u0131na yard\u0131mc\u0131<br \/>oluyoruz.<\/p>\t\t\t\t\t\t\t\t<\/div>\n\t\t\t\t\t<\/div>\n\t\t<\/div>\n\t\t\t\t\t<\/div>\n\t\t<\/section>\n\t\t\t\t<\/div>\n\t\t","protected":false},"excerpt":{"rendered":"<p>E\u011fitimin ilk basama\u011f\u0131n\u0131 olu\u015fturan okul \u00f6ncesi e\u011fitim, g\u00f6mle\u011fin ilk d\u00fc\u011fmesidir ve bunun do\u011fru iliklenmesi gerekir. \u00c7ocu\u011fun do\u011fdu\u011fu g\u00fcnden temel e\u011fitime ba\u015flad\u0131\u011f\u0131 g\u00fcne kadar ge\u00e7en y\u0131llar\u0131 kapsayan ve \u00e7ocuklar\u0131n daha sonraki ya\u015famlar\u0131nda \u00f6nemli rol oynayan; bedensel, psikomotor, sosyal-duygusal, zihin ve dil geli\u015fimlerinin b\u00fcy\u00fck \u00f6l\u00e7\u00fcde tamamland\u0131\u011f\u0131, ki\u015fili\u011fin \u015fekillendi\u011fi ve \u00e7ocu\u011fun devaml\u0131 olarak de\u011fi\u015fti\u011fi bir s\u00fcre\u00e7tir. Bu nedenle, \u00e7ocu\u011fun k\u00fc\u00e7\u00fck ya\u015flarda sa\u011fl\u0131kl\u0131 bir ortamda geli\u015fimini s\u00fcrd\u00fcrmesi \u00f6nem kazanmaktad\u0131r. T\u00fcrk Amerikan Kolejlerinde e\u011fitim; \u00f6\u011frenci-\u00f6\u011fretmen-veli \u00fc\u00e7geninden olu\u015fan kaliteli bir birlikteliktir. Bu birliktelik ne kadar bilin\u00e7li ve sa\u011fl\u0131kl\u0131 olursa, \u00e7ocuklar\u0131m\u0131z da o oranda sa\u011flam bir ki\u015filik kazan\u0131rlar. Bu s\u00fcre\u00e7te \u00e7ocuklar\u0131m\u0131z\u0131n mizac\u0131, soysal ve sportif e\u011filimleri ve yatk\u0131nl\u0131klar\u0131 yak\u0131ndan takip edilir. Yine bu d\u00f6nemin en elzem unsuru ise dil geli\u015fiminin zirvede olmas\u0131d\u0131r. Olmazsa olmaz\u0131m\u0131z \u00c7\u0130FT D\u0130LL\u0130 E\u011e\u0130T\u0130M ile dil geli\u015fimi ona \u00f6zel dil ko\u00e7umuzla mercek alt\u0131nda tutulur. Akademik olarak temel e\u011fitim s\u00fcrecine ge\u00e7i\u015f basamaklar\u0131 itina ile takip edilir. Mutlu nesil umutlu gelecek\u2026 Gelece\u011fi Ke\u015ffet! T\u00fcrk Amerikan Kolejleri olarak, \u00e7ocuklar\u0131n\u0131z\u0131n gelece\u011fi ke\u015ffetmelerine yard\u0131mc\u0131 oluyoruz. \u0130\u00e7lerindeki merak\u0131 ve \u00f6\u011frenme iste\u011fini destekleyerek, onlar\u0131 yar\u0131n\u0131n liderleri olarak yeti\u015ftiriyoruz. Gelece\u011fi ke\u015ffetmek i\u00e7in yanlar\u0131nday\u0131z! \u00d6\u011frenmek E\u011flenceli Olabilir! Biz, \u00f6\u011frenmeyi s\u0131k\u0131c\u0131 bir g\u00f6rev de\u011fil, e\u011flenceli bir macera olarak g\u00f6r\u00fcyoruz. T\u00fcrk Amerikan Kolejleri\u2019nde \u00e7ocuklar\u0131n\u0131z, renkli s\u0131n\u0131flarda, yarat\u0131c\u0131 projelerde ve arkada\u015flar\u0131yla birlikte \u00f6\u011frenme deneyimini ke\u015ffederek b\u00fcy\u00fcyecekler. Her \u00c7ocuk \u00d6zeldir! Her \u00e7ocuk benzersizdir ve potansiyeli s\u0131n\u0131rs\u0131zd\u0131r. T\u00fcrk Amerikan Kolejleri olarak, her \u00e7ocu\u011fun kendine \u00f6zg\u00fc yeteneklerini ve ilgi alanlar\u0131n\u0131 destekliyoruz. Onlar\u0131n en iyi s\u00fcr\u00fcmlerini bulmalar\u0131na yard\u0131mc\u0131oluyoruz.<\/p>\n","protected":false},"author":1,"featured_media":0,"parent":0,"menu_order":0,"comment_status":"closed","ping_status":"closed","template":"","meta":{"footnotes":""},"class_list":["post-2587","page","type-page","status-publish","hentry"],"_links":{"self":[{"href":"https:\/\/turkamerikankolejleri.com\/index.php\/wp-json\/wp\/v2\/pages\/2587","targetHints":{"allow":["GET"]}}],"collection":[{"href":"https:\/\/turkamerikankolejleri.com\/index.php\/wp-json\/wp\/v2\/pages"}],"about":[{"href":"https:\/\/turkamerikankolejleri.com\/index.php\/wp-json\/wp\/v2\/types\/page"}],"author":[{"embeddable":true,"href":"https:\/\/turkamerikankolejleri.com\/index.php\/wp-json\/wp\/v2\/users\/1"}],"replies":[{"embeddable":true,"href":"https:\/\/turkamerikankolejleri.com\/index.php\/wp-json\/wp\/v2\/comments?post=2587"}],"version-history":[{"count":29,"href":"https:\/\/turkamerikankolejleri.com\/index.php\/wp-json\/wp\/v2\/pages\/2587\/revisions"}],"predecessor-version":[{"id":3111,"href":"https:\/\/turkamerikankolejleri.com\/index.php\/wp-json\/wp\/v2\/pages\/2587\/revisions\/3111"}],"wp:attachment":[{"href":"https:\/\/turkamerikankolejleri.com\/index.php\/wp-json\/wp\/v2\/media?parent=2587"}],"curies":[{"name":"wp","href":"https:\/\/api.w.org\/{rel}","templated":true}]}}