{"id":2548,"date":"2025-11-16T19:11:00","date_gmt":"2025-11-16T19:11:00","guid":{"rendered":"https:\/\/turkamerikankolejleri.com\/?page_id=2548"},"modified":"2025-12-03T17:45:43","modified_gmt":"2025-12-03T17:45:43","slug":"baskandan-mesaj","status":"publish","type":"page","link":"https:\/\/turkamerikankolejleri.com\/index.php\/baskandan-mesaj\/","title":{"rendered":"Ba\u015fkandan Mesaj"},"content":{"rendered":"\t\t<div data-elementor-type=\"wp-page\" data-elementor-id=\"2548\" class=\"elementor elementor-2548\" data-elementor-post-type=\"page\">\n\t\t\t\t<div class=\"elementor-element elementor-element-cbd6a5d e-con-full e-flex wpr-particle-no wpr-jarallax-no wpr-parallax-no wpr-sticky-section-no e-con e-parent\" data-id=\"cbd6a5d\" data-element_type=\"container\" data-settings=\"{&quot;background_background&quot;:&quot;classic&quot;}\">\n\t\t<div class=\"elementor-element elementor-element-fa6fa7d e-flex e-con-boxed wpr-particle-no wpr-jarallax-no wpr-parallax-no wpr-sticky-section-no e-con e-child\" data-id=\"fa6fa7d\" data-element_type=\"container\" data-settings=\"{&quot;background_background&quot;:&quot;classic&quot;}\">\n\t\t\t\t\t<div class=\"e-con-inner\">\n\t\t<div class=\"elementor-element elementor-element-44696a6 e-con-full e-flex wpr-particle-no wpr-jarallax-no wpr-parallax-no wpr-sticky-section-no e-con e-child\" data-id=\"44696a6\" data-element_type=\"container\">\n\t\t\t\t<\/div>\n\t\t<div class=\"elementor-element elementor-element-703a2ee e-con-full e-flex wpr-particle-no wpr-jarallax-no wpr-parallax-no wpr-sticky-section-no e-con e-child\" data-id=\"703a2ee\" data-element_type=\"container\">\n\t\t\t\t<div class=\"elementor-element elementor-element-ac2d79d elementor-widget elementor-widget-shortcode\" data-id=\"ac2d79d\" data-element_type=\"widget\" data-widget_type=\"shortcode.default\">\n\t\t\t\t\t\t\t<div class=\"elementor-shortcode\"><nav aria-label=\"breadcrumbs\" class=\"rank-math-breadcrumb\"><p><span class=\"last\">Ana Sayfa<\/span><\/p><\/nav><\/div>\n\t\t\t\t\t\t<\/div>\n\t\t\t\t<\/div>\n\t\t\t\t\t<\/div>\n\t\t\t\t<\/div>\n\t\t\t\t<\/div>\n\t\t\t\t<section class=\"elementor-section elementor-top-section elementor-element elementor-element-15aa0b9 elementor-section-boxed elementor-section-height-default elementor-section-height-default wpr-particle-no wpr-jarallax-no wpr-parallax-no wpr-sticky-section-no\" data-id=\"15aa0b9\" data-element_type=\"section\">\n\t\t\t\t\t\t<div class=\"elementor-container elementor-column-gap-extended\">\n\t\t\t\t\t<div class=\"elementor-column elementor-col-50 elementor-top-column elementor-element elementor-element-32dce70 ot-flex-column-vertical\" data-id=\"32dce70\" data-element_type=\"column\">\n\t\t\t<div class=\"elementor-widget-wrap elementor-element-populated\">\n\t\t\t\t<div class=\"elementor-element elementor-element-b95b69c e-flex e-con-boxed wpr-particle-no wpr-jarallax-no wpr-parallax-no wpr-sticky-section-no e-con e-parent\" data-id=\"b95b69c\" data-element_type=\"container\">\n\t\t\t\t\t<div class=\"e-con-inner\">\n\t\t\t\t<div class=\"elementor-element elementor-element-298271e elementor-widget elementor-widget-image\" data-id=\"298271e\" data-element_type=\"widget\" data-widget_type=\"image.default\">\n\t\t\t\t\t\t\t\t\t\t\t\t\t\t\t<img fetchpriority=\"high\" decoding=\"async\" width=\"681\" height=\"1024\" src=\"https:\/\/turkamerikankolejleri.com\/wp-content\/uploads\/2025\/11\/baskandan-mesaj-2-681x1024.webp\" class=\"attachment-large size-large wp-image-2553\" alt=\"\" srcset=\"https:\/\/turkamerikankolejleri.com\/wp-content\/uploads\/2025\/11\/baskandan-mesaj-2-681x1024.webp 681w, https:\/\/turkamerikankolejleri.com\/wp-content\/uploads\/2025\/11\/baskandan-mesaj-2-200x300.webp 200w, https:\/\/turkamerikankolejleri.com\/wp-content\/uploads\/2025\/11\/baskandan-mesaj-2-768x1155.webp 768w, https:\/\/turkamerikankolejleri.com\/wp-content\/uploads\/2025\/11\/baskandan-mesaj-2-1021x1536.webp 1021w, https:\/\/turkamerikankolejleri.com\/wp-content\/uploads\/2025\/11\/baskandan-mesaj-2.webp 1064w\" sizes=\"(max-width: 681px) 100vw, 681px\" \/>\t\t\t\t\t\t\t\t\t\t\t\t\t\t\t<\/div>\n\t\t\t\t\t<\/div>\n\t\t\t\t<\/div>\n\t\t\t\t\t<\/div>\n\t\t<\/div>\n\t\t\t\t<div class=\"elementor-column elementor-col-50 elementor-top-column elementor-element elementor-element-69d7b07 ot-flex-column-vertical\" data-id=\"69d7b07\" data-element_type=\"column\">\n\t\t\t<div class=\"elementor-widget-wrap elementor-element-populated\">\n\t\t\t\t\t\t<div class=\"elementor-element elementor-element-1252201 elementor-widget elementor-widget-text-editor\" data-id=\"1252201\" data-element_type=\"widget\" data-widget_type=\"text-editor.default\">\n\t\t\t\t\t\t\t\t\t<p>T\u00fcrk Amerikan Kolejleri ailesine ho\u015f geldiniz!<\/p><p>Her birinizi, okulumuzun ba\u015fkan\u0131 olarak kalpten selaml\u0131yorum. E\u011fitim, toplumumuzun temel ta\u015flar\u0131ndan biridir ve burada, \u00f6\u011frencilerimizin hayatlar\u0131n\u0131 \u015fekillendirmeye ve gelecekte ba\u015far\u0131lar\u0131n\u0131 in\u015fa etmeye yard\u0131mc\u0131 olma f\u0131rsat\u0131na sahip olman\u0131n gururunu ya\u015f\u0131yoruz.<\/p><p>T\u00fcrk Amerikan Kolejleri, \u00f6\u011frencilerimizin her birinin potansiyeline ula\u015fmas\u0131n\u0131 te\u015fvik eden bir ortam sunar. Nitelikli \u00f6\u011fretmenlerimiz, \u00e7e\u015fitli akademik programlar\u0131m\u0131z ve modern kamp\u00fcslerimiz ile \u00f6\u011frencilerimizi en iyi \u015fekilde destekliyoruz. Ayn\u0131 zamanda karakter geli\u015fimi, liderlik ve toplumsal sorumluluk gibi \u00f6nemli de\u011ferleri de vurguluyoruz.<\/p><p>Bu y\u0131l, daha fazla ba\u015far\u0131, ke\u015fif ve b\u00fcy\u00fcme dolu bir y\u0131l olacak. \u00d6\u011frencilerimizin merak\u0131n\u0131 ve \u00f6\u011frenmeye olan tutkusunu beslemeye devam edece\u011fiz. Ailelerimizle daha yak\u0131n bir i\u015fbirli\u011fi i\u00e7inde \u00e7al\u0131\u015farak, her bir \u00f6\u011frencinin benzersiz potansiyeline ula\u015fmas\u0131na yard\u0131mc\u0131 olaca\u011f\u0131m\u0131za inan\u0131yorum.<\/p><p>Unutmay\u0131n ki, T\u00fcrk Amerikan Kolejleri sadece bir okul de\u011fil, ayn\u0131 zamanda bir ailedir. Hep birlikte, \u00f6\u011frencilerimizin parlak bir gelece\u011fe ilerlemelerine yard\u0131mc\u0131 olaca\u011f\u0131z.<\/p><p>Bu y\u0131l boyunca birlikte harika i\u015fler ba\u015faraca\u011f\u0131m\u0131za inan\u0131yorum. Hepinize ba\u015far\u0131l\u0131, mutlu ve \u00f6\u011frenme dolu bir y\u0131l diliyorum.<\/p><p>Sayg\u0131lar\u0131mla,<\/p>\t\t\t\t\t\t\t\t<\/div>\n\t\t\t\t<div class=\"elementor-element elementor-element-6072aef elementor-widget elementor-widget-text-editor\" data-id=\"6072aef\" data-element_type=\"widget\" data-widget_type=\"text-editor.default\">\n\t\t\t\t\t\t\t\t\t<p>T\u00fcrk Amerikan Kolejleri Ba\u015fkan<\/p>\t\t\t\t\t\t\t\t<\/div>\n\t\t\t\t<div class=\"elementor-element elementor-element-a19209b elementor-widget__width-initial elementor-widget elementor-widget-image\" data-id=\"a19209b\" data-element_type=\"widget\" data-widget_type=\"image.default\">\n\t\t\t\t\t\t\t\t\t\t\t\t\t\t\t<img decoding=\"async\" width=\"768\" height=\"543\" src=\"https:\/\/turkamerikankolejleri.com\/wp-content\/uploads\/2025\/11\/imza-768x543-1.png\" class=\"attachment-large size-large wp-image-2554\" alt=\"\" srcset=\"https:\/\/turkamerikankolejleri.com\/wp-content\/uploads\/2025\/11\/imza-768x543-1.png 768w, https:\/\/turkamerikankolejleri.com\/wp-content\/uploads\/2025\/11\/imza-768x543-1-300x212.png 300w\" sizes=\"(max-width: 768px) 100vw, 768px\" \/>\t\t\t\t\t\t\t\t\t\t\t\t\t\t\t<\/div>\n\t\t\t\t\t<\/div>\n\t\t<\/div>\n\t\t\t\t\t<\/div>\n\t\t<\/section>\n\t\t\t\t<\/div>\n\t\t","protected":false},"excerpt":{"rendered":"<p>T\u00fcrk Amerikan Kolejleri ailesine ho\u015f geldiniz! Her birinizi, okulumuzun ba\u015fkan\u0131 olarak kalpten selaml\u0131yorum. E\u011fitim, toplumumuzun temel ta\u015flar\u0131ndan biridir ve burada, \u00f6\u011frencilerimizin hayatlar\u0131n\u0131 \u015fekillendirmeye ve gelecekte ba\u015far\u0131lar\u0131n\u0131 in\u015fa etmeye yard\u0131mc\u0131 olma f\u0131rsat\u0131na sahip olman\u0131n gururunu ya\u015f\u0131yoruz. T\u00fcrk Amerikan Kolejleri, \u00f6\u011frencilerimizin her birinin potansiyeline ula\u015fmas\u0131n\u0131 te\u015fvik eden bir ortam sunar. Nitelikli \u00f6\u011fretmenlerimiz, \u00e7e\u015fitli akademik programlar\u0131m\u0131z ve modern kamp\u00fcslerimiz ile \u00f6\u011frencilerimizi en iyi \u015fekilde destekliyoruz. Ayn\u0131 zamanda karakter geli\u015fimi, liderlik ve toplumsal sorumluluk gibi \u00f6nemli de\u011ferleri de vurguluyoruz. Bu y\u0131l, daha fazla ba\u015far\u0131, ke\u015fif ve b\u00fcy\u00fcme dolu bir y\u0131l olacak. \u00d6\u011frencilerimizin merak\u0131n\u0131 ve \u00f6\u011frenmeye olan tutkusunu beslemeye devam edece\u011fiz. Ailelerimizle daha yak\u0131n bir i\u015fbirli\u011fi i\u00e7inde \u00e7al\u0131\u015farak, her bir \u00f6\u011frencinin benzersiz potansiyeline ula\u015fmas\u0131na yard\u0131mc\u0131 olaca\u011f\u0131m\u0131za inan\u0131yorum. Unutmay\u0131n ki, T\u00fcrk Amerikan Kolejleri sadece bir okul de\u011fil, ayn\u0131 zamanda bir ailedir. Hep birlikte, \u00f6\u011frencilerimizin parlak bir gelece\u011fe ilerlemelerine yard\u0131mc\u0131 olaca\u011f\u0131z. Bu y\u0131l boyunca birlikte harika i\u015fler ba\u015faraca\u011f\u0131m\u0131za inan\u0131yorum. Hepinize ba\u015far\u0131l\u0131, mutlu ve \u00f6\u011frenme dolu bir y\u0131l diliyorum. Sayg\u0131lar\u0131mla, T\u00fcrk Amerikan Kolejleri Ba\u015fkan<\/p>\n","protected":false},"author":1,"featured_media":0,"parent":0,"menu_order":0,"comment_status":"closed","ping_status":"closed","template":"","meta":{"footnotes":""},"class_list":["post-2548","page","type-page","status-publish","hentry"],"_links":{"self":[{"href":"https:\/\/turkamerikankolejleri.com\/index.php\/wp-json\/wp\/v2\/pages\/2548","targetHints":{"allow":["GET"]}}],"collection":[{"href":"https:\/\/turkamerikankolejleri.com\/index.php\/wp-json\/wp\/v2\/pages"}],"about":[{"href":"https:\/\/turkamerikankolejleri.com\/index.php\/wp-json\/wp\/v2\/types\/page"}],"author":[{"embeddable":true,"href":"https:\/\/turkamerikankolejleri.com\/index.php\/wp-json\/wp\/v2\/users\/1"}],"replies":[{"embeddable":true,"href":"https:\/\/turkamerikankolejleri.com\/index.php\/wp-json\/wp\/v2\/comments?post=2548"}],"version-history":[{"count":28,"href":"https:\/\/turkamerikankolejleri.com\/index.php\/wp-json\/wp\/v2\/pages\/2548\/revisions"}],"predecessor-version":[{"id":3000,"href":"https:\/\/turkamerikankolejleri.com\/index.php\/wp-json\/wp\/v2\/pages\/2548\/revisions\/3000"}],"wp:attachment":[{"href":"https:\/\/turkamerikankolejleri.com\/index.php\/wp-json\/wp\/v2\/media?parent=2548"}],"curies":[{"name":"wp","href":"https:\/\/api.w.org\/{rel}","templated":true}]}}